mon factor of r and 33.
11
Let s be 48/6 - 2*1. What is the greatest common divisor of 9 and s?
3
Let k be ((-1)/(-1) - 2)/(4/(-1404)). Calculate the highest common divisor of k and 39.
39
Let k be (-16)/(0 + -4)*2*44. Calculate the greatest common divisor of k and 32.
32
Suppose 2*m - 1176 = -5*m. What is the highest common divisor of m and 24?
24
Let y(w) = 3*w**2 - 6*w + 4. Let x be y(5). Suppose -2*v = 4*a - 14, -5*v + 0*v + x = 3*a. Let s = -47 - -102. What is the highest common factor of v and s?
11
Suppose -20 = -3*z - 4*y, 2*z - 2*y + 10 = -z. Suppose 3*n - 9 + 3 = z. Suppose -68 = -n*r - 14. Calculate the greatest common factor of r and 9.
9
Let v be 6/2 - -1*97. Calculate the greatest common factor of 40 and v.
20
Let k be (-33)/22*16/(-6). Let g(f) = 4*f**2 - 2*f + 4. Let h be g(k). Calculate the highest common factor of h and 40.
20
Let q = -32 + 46. What is the greatest common factor of q and 70?
14
Suppose -c = c + 20. Let o = -6 - c. Suppose -m = 3, 4*z - 6*z + o = 4*m. Calculate the greatest common divisor of 40 and z.
8
Let j(w) = 29*w + 1 - 5 + 1 + 0. Let v be j(3). Calculate the greatest common factor of v and 12.
12
Suppose 5*j + 2*x - 2 = -0*j, 4*j - 4*x = -4. Suppose -32 = -4*v - j. What is the greatest common divisor of v and 72?
8
Suppose 18 = -4*m + 6. Let t(y) = -14*y - 2. Let v be t(m). Calculate the greatest common divisor of v and 16.
8
Let m(h) = 0 + 15*h - 5 + 1. Let x(r) = -r + 1. Let d(t) = -m(t) + 3*x(t). Let k be d(-7). Calculate the greatest common factor of 19 and k.
19
Let a = 34 + 13. Suppose 4*v - a = -5*q, q + 3 = -2. What is the greatest common divisor of 18 and v?
18
Suppose 5*z + 0 = 10. Calculate the highest common factor of z and 8.
2
Suppose -2*a + k = -41, 0 = k + 1. Calculate the highest common divisor of 4 and a.
4
Suppose -9*z = -379 - 53. What is the highest common factor of z and 12?
12
Let q be (22/4)/(-11) - 27/(-2). What is the highest common divisor of 13 and q?
13
Let o = 3112 + 2837. Suppose 0 = 3*q, 0*a - 3*a = 3*q - o. Let s be a/12 + 1/(-4). What is the greatest common divisor of 15 and s?
15
Let y = -102 + 201. What is the greatest common factor of y and 9?
9
Suppose -25 = -5*y, -2*n = n - 5*y + 22. Suppose 3*j - 87 = -27. Suppose 0 = k - 5*k + j. Calculate the greatest common factor of k and n.
1
Suppose 84 = 7*z + 7*z. What is the highest common factor of z and 21?
3
Let o(z) = z**2 - 6*z - 10. Let w be o(-7). Suppose 4*h - w = 3*h. Let n be 29/3 - (-8)/(-12). Calculate the highest common factor of n and h.
9
Let x(v) = 4*v - 10. Let g be x(6). What is the greatest common divisor of g and 28?
14
Let i = 37 - 126. Let s = 185 + i. Suppose x = 4*x - 36. Calculate the highest common divisor of s and x.
12
Let a be 1/((-3)/(18/(-1))). Suppose -a = -2*t - t. What is the highest common factor of t and 18?
2
Suppose -4*i - 3 = -5*d - 0*d, 0 = -2*i + 6. Suppose 4*w - 2*w - d*p + 3 = 0, -5*p = 2*w + 27. Let a = w - -11. Calculate the highest common factor of a and 45.
5
Let d = -1 + 196. Calculate the greatest common divisor of 78 and d.
39
Let h be (33 + 2/(-2))*1. Let a = h - 2. Calculate the greatest common factor of a and 10.
10
Let o = 16 + -10. Let c be 1*3 + 12/o. Suppose -q - c*j = -76, 0 = 3*q - 6*q + 5*j + 188. Calculate the highest common divisor of q and 6.
6
Let n be 65/20 - (-4)/(-16). Calculate the greatest common divisor of n and 3.
3
Suppose 3*v - 4*w - 1502 = 0, -15*w + 20 = -10*w. Calculate the greatest common factor of 46 and v.
46
Suppose 8*m = m + 189. Let w = -4 - -7. Calculate the greatest common divisor of m and w.
3
Let j = -2 + 2. Suppose 0 = -m - j*m + 5. What is the greatest common factor of m and 2?
1
Let x be 81/2 + (-1)/2. Suppose -n = -2*n. Suppose -4*s + 79 - 15 = n. Calculate the highest common divisor of s and x.
8
Suppose 0 = -5*q + 4*q + 2. Let m(u) = u**q + 4*u - 4 - u**2 + u**2. Let z be m(6). Calculate the highest common divisor of 8 and z.
8
Suppose 5*p = -5*a + 45, 2*p = 2*a - 0*a - 2. Suppose 0*b - b - p*l = -22, b = 3*l + 15. What is the greatest common divisor of 126 and b?
18
Let g be (-4)/(-2) + (4 - 2). Suppose 4*j + 4*a = 40, 4*a = 8*a - g. Let u be (2/(-10) - 1224/(-45))*1. What is the highest common factor of j and u?
9
Let l = 25 - 20. Let g be 56*1 - (-2)/(-2). What is the highest common divisor of g and l?
5
Let v be ((-2)/(-6))/(12/3816). Suppose -v = -3*m + 206. What is the highest common factor of m and 13?
13
Let t be (4 - 6) + -2 + 40. Calculate the highest common divisor of t and 54.
18
Suppose -4*d + d = 3. Let l be (1/(-2))/(d/30). Let y be (-2)/5 + 1371/l. Calculate the highest common factor of y and 13.
13
Let i = 1 + 0. Let v be (i + -11)/(-1) - 2. Suppose -5*j = 2*o - 65, 10*o - 3*j + 191 = 15*o. What is the greatest common factor of o and v?
8
Let d be 10/(-3 + 210/66). What is the highest common factor of d and 22?
11
Suppose 8*i = 3*i. Suppose -5*j - 15 = -10*j. Suppose -6*o = a - j*o + 2, a + 5*o + 10 = i. Calculate the greatest common divisor of 30 and a.
10
Suppose t = 3*v - t - 17, -5*t = 5*v + 5. Let q(d) = d + 5. Let b be q(-4). Calculate the highest common factor of b and v.
1
Let a = 56 - 20. Calculate the highest common factor of 288 and a.
36
Let w(u) = -43*u + 4. Let y be w(-4). Let h(f) = -f**2 - 18*f - 23. Let q be h(-15). Calculate the highest common factor of q and y.
22
Let c(v) = -15 + 11 - 12*v + 3*v. Let m be c(-6). Calculate the highest common factor of m and 125.
25
Let a be 43/5 - (-2)/5. What is the greatest common factor of a and 99?
9
Let q(n) be the first derivative of 1 - 4*n + 6*n**2 + 0 - 4*n**2. Let u be q(4). Calculate the greatest common divisor of u and 48.
12
Suppose 0 = -5*r - 0*r + 450. Let x be (3/(-2))/((-5)/30). Let u be (-5 + -1)*x/(-6). What is the highest common factor of r and u?
9
Let m = 15 - 16. Let y be 62 - m - (-1 + 4). Calculate the highest common divisor of y and 15.
15
Let f = 4 + 0. Suppose 9 + 15 = 5*s - 3*b, f*b = 3*s - 10. Let j be ((-12)/5)/(s/(-40)). What is the highest common divisor of j and 144?
16
Suppose 3*h - 345 = 33. Suppose -b = b - 6. Suppose -5*l = 3*v - 70, 70 = 5*l + b*v + 2*v. Calculate the highest common divisor of h and l.
14
Let s be (1 - 0)/((-4)/(-272)). What is the greatest common factor of 17 and s?
17
Let p(r) = 27*r**2 + 6*r - 3. Let v be p(2). Calculate the greatest common divisor of v and 39.
39
Let i(d) = d**2 - 1. Let n be i(3). Suppose -2*g + 16 + n = 0. What is the highest common factor of 96 and g?
12
Let v be (1 - 1)/(-1) + 11. Let y(m) = m**3 - 6*m**2 + 7*m - 1. Let w be y(5). Let k = w - -2. What is the highest common divisor of k and v?
11
Let a be 3*1*16/3. Let v(f) = -f**2 + 9*f + 9. Let d be v(9). Let x be (1 - -5)*264/d. What is the highest common divisor of a and x?
16
Suppose 0*v = -4*c + 5*v + 160, v - 139 = -3*c. What is the highest common divisor of c and 5?
5
Let c(o) = 4*o**2 - 5*o. Let l(r) = -7*r**2 + 11*r - 1. Let f(b) = 5*c(b) + 3*l(b). Let h be f(3). What is the greatest common factor of h and 60?
12
Suppose 44*j + 240 = 49*j. Suppose -i + 26 = -6. Calculate the highest common divisor of j and i.
16
Suppose 0 = -8*m - 7*m + 345. Calculate the highest common factor of 161 and m.
23
Let g be (1 - 1)/(-2) + 4. Let f be ((-8)/12)/(2/(-60)). Let x = f - g. What is the highest common factor of x and 144?
16
Let s(k) = 96*k - 33. Let a be s(4). What is the greatest common factor of a and 39?
39
Suppose -4*x + 7*x = -5*n - 37, -x = -3*n + 3. Let b be 14/(-10) + x/15. Let z be (0 - 12)/b - 2. What is the greatest common factor of z and 20?
4
Suppose -l + 4 = -2*t + 19, 30 = 3*t + l. What is the highest common factor of t and 9?
9
Suppose 18 = 4*f + 2*o, -o + 3 = f - 2. Let j be (-1)/(-2 + 3)*-20. Suppose 2*p - j = h - f*h, 40 = 4*p - 5*h. What is the greatest common divisor of 1 and p?
1
Suppose 0 = 4*m - 4*t - 148, 3*m + t + 136 = 7*m. What is the highest common divisor of 11 and m?
11
Let o(s) = 39*s - 3. Let w be o(2). Let t = -12 - -14. Suppose -t*m + 39 = 3*r, -r - 2*r = 5*m - 84. What is the greatest common factor of w and m?
15
Let x(n) = -n**3 - 9*n**2 + 8*n - 4. Let y be x(-10). Calculate the greatest common factor of 16 and y.
16
Suppose 5*j - 5 = -5*p, -2*j = -2*p - 0*j - 2. Let r be (1 - p) + 2 - -1. Calcu